{"id":71443,"date":"2024-04-05T18:04:14","date_gmt":"2024-04-05T18:04:14","guid":{"rendered":"https:\/\/kimainmobiliaria.multiplikate.es\/?page_id=71443"},"modified":"2024-09-24T11:40:50","modified_gmt":"2024-09-24T11:40:50","slug":"obras","status":"publish","type":"page","link":"https:\/\/kimainmobiliaria.com\/index.php\/obras\/","title":{"rendered":"Obras"},"content":{"rendered":"<p>[et_pb_section fb_built=&#8221;1&#8243; custom_padding_last_edited=&#8221;on|phone&#8221; _builder_version=&#8221;4.27.0&#8243; background_image=&#8221;https:\/\/kimainmobiliaria.com\/wp-content\/uploads\/2024\/09\/52972.jpg&#8221; background_enable_video_mp4=&#8221;off&#8221; background_video_width=&#8221;3000&#8243; background_video_height=&#8221;3000&#8243; custom_padding=&#8221;150px||150px||true|false&#8221; custom_padding_tablet=&#8221;90px||229px||false|&#8221; custom_padding_phone=&#8221;90px||154px||false|&#8221; animation_style=&#8221;fade&#8221; locked=&#8221;off&#8221; global_colors_info=&#8221;{}&#8221;][et_pb_row use_custom_gutter=&#8221;on&#8221; gutter_width=&#8221;2&#8243; make_equal=&#8221;on&#8221; _builder_version=&#8221;4.24.2&#8243; width=&#8221;96%&#8221; width_tablet=&#8221;90%&#8221; width_phone=&#8221;90%&#8221; width_last_edited=&#8221;on|desktop&#8221; max_width=&#8221;1200px&#8221; max_width_tablet=&#8221;90%&#8221; max_width_phone=&#8221;90%&#8221; max_width_last_edited=&#8221;on|tablet&#8221; global_colors_info=&#8221;{}&#8221;][et_pb_column type=&#8221;4_4&#8243; _builder_version=&#8221;4.16&#8243; custom_padding=&#8221;|||&#8221; global_colors_info=&#8221;{}&#8221; custom_padding__hover=&#8221;|||&#8221;][et_pb_text _builder_version=&#8221;4.27.0&#8243; header_font=&#8221;|700|||||||&#8221; header_text_color=&#8221;#274069&#8243; header_font_size=&#8221;50px&#8221; header_line_height=&#8221;1.3em&#8221; custom_padding=&#8221;64px||&#8221; custom_padding_tablet=&#8221;&#8221; custom_padding_phone=&#8221;0px||&#8221; custom_padding_last_edited=&#8221;on|desktop&#8221; animation_style=&#8221;slide&#8221; animation_direction=&#8221;left&#8221; animation_duration=&#8221;1400ms&#8221; hover_enabled=&#8221;0&#8243; header_font_size_tablet=&#8221;&#8221; header_font_size_phone=&#8221;30px&#8221; header_font_size_last_edited=&#8221;on|desktop&#8221; header_text_shadow_style=&#8221;preset2&#8243; header_text_shadow_color=&#8221;#FFFFFF&#8221; global_colors_info=&#8221;{}&#8221; sticky_enabled=&#8221;0&#8243;]<\/p>\n<h1 style=\"text-align: center;\"><span>Kima Houses &amp; Boats<\/span><\/h1>\n<h1 style=\"text-align: center;\">Obras<\/h1>\n<p>[\/et_pb_text][\/et_pb_column][\/et_pb_row][\/et_pb_section][et_pb_section fb_built=&#8221;1&#8243; _builder_version=&#8221;4.24.3&#8243; background_enable_color=&#8221;off&#8221; custom_padding=&#8221;10px||4px||false|&#8221; locked=&#8221;off&#8221; global_colors_info=&#8221;{}&#8221;][et_pb_row column_structure=&#8221;1_2,1_2&#8243; use_custom_gutter=&#8221;on&#8221; gutter_width=&#8221;2&#8243; _builder_version=&#8221;4.24.2&#8243; _module_preset=&#8221;default&#8221; width=&#8221;90%&#8221; max_width=&#8221;2560px&#8221; animation_style=&#8221;zoom&#8221; global_colors_info=&#8221;{}&#8221;][et_pb_column type=&#8221;1_2&#8243; _builder_version=&#8221;4.24.2&#8243; _module_preset=&#8221;default&#8221; global_colors_info=&#8221;{}&#8221;][et_pb_image src=&#8221;https:\/\/kimainmobiliaria.com\/wp-content\/uploads\/2024\/04\/78580.jpg&#8221; title_text=&#8221;78580&#8243; align=&#8221;center&#8221; _builder_version=&#8221;4.25.0&#8243; _module_preset=&#8221;default&#8221; max_width=&#8221;80%&#8221; module_alignment=&#8221;center&#8221; box_shadow_style=&#8221;preset2&#8243; global_colors_info=&#8221;{}&#8221;][\/et_pb_image][\/et_pb_column][et_pb_column type=&#8221;1_2&#8243; _builder_version=&#8221;4.24.2&#8243; _module_preset=&#8221;default&#8221; global_colors_info=&#8221;{}&#8221;][et_pb_text content_tablet=&#8221;<\/p>\n<div class=%22flex-1 overflow-hidden%22>\n<div class=%22react-scroll-to-bottom--css-fsgjh-79elbk h-full%22>\n<div class=%22react-scroll-to-bottom--css-fsgjh-1n7m0yu%22>\n<div class=%22flex flex-col text-sm pb-9%22>\n<div class=%22w-full text-token-text-primary%22 data-testid=%22conversation-turn-27%22>\n<div class=%22px-4 py-2 justify-center text-base md:gap-6 m-auto%22>\n<div class=%22flex flex-1 text-base mx-auto gap-3 md:px-5 lg:px-1 xl:px-5 md:max-w-3xl lg:max-w-%9140rem%93 xl:max-w-%9148rem%93 group final-completion%22>\n<div class=%22relative flex w-full flex-col agent-turn%22>\n<div class=%22flex-col gap-1 md:gap-3%22>\n<div class=%22flex flex-grow flex-col max-w-full%22>\n<div data-message-author-role=%22assistant%22 data-message-id=%227a57d891-7237-4cdd-8b5d-e2ca9c54392e%22 class=%22min-h-%9120px%93 text-message flex flex-col items-start gap-3 whitespace-pre-wrap break-words %91.text-message+&#038;%93:mt-5 overflow-x-auto%22>\n<div class=%22markdown prose w-full break-words dark:prose-invert light%22>\n<p>En nuestra inmobiliaria, ofrecemos un asesoramiento personalizado que va m\u00e1s all\u00e1 de solo encontrar una propiedad. Nos comprometemos a entender tus necesidades, preferencias y objetivos para ofrecerte las mejores opciones disponibles en el mercado. Desde la b\u00fasqueda hasta el cierre, estamos aqu\u00ed para guiarte en cada paso del camino hacia tu nuevo hogar ideal.<\/p>\n<\/div>\n<\/div>\n<\/div>\n<div class=%22pr-2 lg:pr-0%22><\/div>\n<\/div>\n<div class=%22absolute%22>\n<div class=%22flex w-full gap-2 items-center justify-center%22><\/div>\n<\/div>\n<\/div>\n<\/div>\n<\/div>\n<\/div>\n<\/div>\n<\/div>\n<\/div>\n<\/div>\n<div class=%22w-full pt-2 md:pt-0 dark:border-white\/20 md:border-transparent md:dark:border-transparent md:w-%91calc(100%-.5rem)%93%22>\n<form class=%22stretch mx-2 flex flex-row gap-3 last:mb-2 md:mx-4 md:last:mb-6 lg:mx-auto lg:max-w-2xl xl:max-w-3xl%22>\n<div class=%22relative flex h-full flex-1 flex-col%22>\n<div class=%22absolute bottom-full left-0 right-0%22><\/div>\n<div class=%22flex w-full items-center%22><\/div>\n<\/div>\n<\/form>\n<\/div>\n<p>&#8221; content_phone=&#8221;<\/p>\n<div class=%22flex-1 overflow-hidden%22>\n<div class=%22react-scroll-to-bottom--css-fsgjh-79elbk h-full%22>\n<div class=%22react-scroll-to-bottom--css-fsgjh-1n7m0yu%22>\n<div class=%22flex flex-col text-sm pb-9%22>\n<div class=%22w-full text-token-text-primary%22 data-testid=%22conversation-turn-27%22>\n<div class=%22px-4 py-2 justify-center text-base md:gap-6 m-auto%22>\n<div class=%22flex flex-1 text-base mx-auto gap-3 md:px-5 lg:px-1 xl:px-5 md:max-w-3xl lg:max-w-%9140rem%93 xl:max-w-%9148rem%93 group final-completion%22>\n<div class=%22relative flex w-full flex-col agent-turn%22>\n<div class=%22flex-col gap-1 md:gap-3%22>\n<div class=%22flex flex-grow flex-col max-w-full%22>\n<div data-message-author-role=%22assistant%22 data-message-id=%227a57d891-7237-4cdd-8b5d-e2ca9c54392e%22 class=%22min-h-%9120px%93 text-message flex flex-col items-start gap-3 whitespace-pre-wrap break-words %91.text-message+&#038;%93:mt-5 overflow-x-auto%22>\n<div class=%22markdown prose w-full break-words dark:prose-invert light%22>\n<p style=%22text-align: justify;%22>En nuestra inmobiliaria, ofrecemos un asesoramiento personalizado que va m\u00e1s all\u00e1 de solo encontrar una propiedad. Nos comprometemos a entender tus necesidades, preferencias y objetivos para ofrecerte las mejores opciones disponibles en el mercado. Desde la b\u00fasqueda hasta el cierre, estamos aqu\u00ed para guiarte en cada paso del camino hacia tu nuevo hogar ideal.<\/p>\n<\/div>\n<\/div>\n<\/div>\n<\/div>\n<\/div>\n<\/div>\n<\/div>\n<\/div>\n<\/div>\n<\/div>\n<\/div>\n<\/div>\n<p>&#8221; content_last_edited=&#8221;on|phone&#8221; _builder_version=&#8221;4.25.0&#8243; text_font=&#8221;Arimo||||||||&#8221; text_text_color=&#8221;#000000&#8243; text_font_size=&#8221;16px&#8221; text_line_height=&#8221;1.6em&#8221; header_font=&#8221;Quicksand||||||||&#8221; header_text_color=&#8221;#6d6d6d&#8221; header_font_size=&#8221;55px&#8221; header_line_height=&#8221;1.3em&#8221; text_orientation=&#8221;center&#8221; max_width=&#8221;90%&#8221; max_width_tablet=&#8221;70%&#8221; max_width_phone=&#8221;95%&#8221; max_width_last_edited=&#8221;on|phone&#8221; module_alignment=&#8221;center&#8221; custom_margin=&#8221;-9px||&#8221; text_font_size_tablet=&#8221;17px&#8221; text_font_size_phone=&#8221;17px&#8221; text_font_size_last_edited=&#8221;on|phone&#8221; text_text_align=&#8221;center&#8221; global_colors_info=&#8221;{}&#8221;]<\/p>\n<div class=\"flex-1 overflow-hidden\">\n<div class=\"react-scroll-to-bottom--css-fsgjh-79elbk h-full\">\n<div class=\"react-scroll-to-bottom--css-fsgjh-1n7m0yu\">\n<div class=\"flex flex-col text-sm pb-9\">\n<div class=\"w-full text-token-text-primary\" data-testid=\"conversation-turn-27\">\n<div class=\"px-4 py-2 justify-center text-base md:gap-6 m-auto\">\n<div class=\"flex flex-1 text-base mx-auto gap-3 md:px-5 lg:px-1 xl:px-5 md:max-w-3xl lg:max-w-[40rem] xl:max-w-[48rem] group final-completion\">\n<div class=\"relative flex w-full flex-col agent-turn\">\n<div class=\"flex-col gap-1 md:gap-3\">\n<div class=\"flex flex-grow flex-col max-w-full\">\n<div data-message-author-role=\"assistant\" data-message-id=\"7a57d891-7237-4cdd-8b5d-e2ca9c54392e\" class=\"min-h-[20px] text-message flex flex-col items-start gap-3 whitespace-pre-wrap break-words [.text-message+&amp;]:mt-5 overflow-x-auto\">\n<div class=\"markdown prose w-full break-words dark:prose-invert light\">\n<p style=\"text-align: justify;\">En KIMA Obras nos especializamos en brindar soluciones completas para la remodelaci\u00f3n y renovaci\u00f3n de espacios.<\/p>\n<p style=\"text-align: justify;\">Nuestro equipo de expertos est\u00e1 preparado para llevar a cabo proyectos de cualquier tama\u00f1o, desde peque\u00f1as reformas hasta renovaciones completas.<br \/>Nos esforzamos por entender tus necesidades y convertir tus ideas en realidad.<\/p>\n<p style=\"text-align: justify;\">Ya sea actualizar, renovar o mejorar tu hogar o propiedad, en KIMA Obras estamos aqu\u00ed para <br \/>ayudarte a alcanzar tus objetivos.<br \/>Explora nuestros servicios y cont\u00e1ctanos hoy mismo para iniciar tu proyecto de obra con nosotros.<\/p>\n<p style=\"text-align: justify;\">\u00a1Esperamos poder trabajar contigo y hacer que tu proyecto sea un \u00e9xito!<\/p>\n<\/div>\n<\/div>\n<\/div>\n<\/div>\n<\/div>\n<\/div>\n<\/div>\n<\/div>\n<\/div>\n<\/div>\n<\/div>\n<\/div>\n<p>[\/et_pb_text][\/et_pb_column][\/et_pb_row][\/et_pb_section][et_pb_section fb_built=&#8221;1&#8243; _builder_version=&#8221;4.24.2&#8243; _module_preset=&#8221;default&#8221; global_colors_info=&#8221;{}&#8221;][et_pb_row _builder_version=&#8221;4.24.2&#8243; _module_preset=&#8221;default&#8221; global_colors_info=&#8221;{}&#8221;][et_pb_column type=&#8221;4_4&#8243; _builder_version=&#8221;4.24.2&#8243; _module_preset=&#8221;default&#8221; global_colors_info=&#8221;{}&#8221;][et_pb_text _builder_version=&#8221;4.25.0&#8243; _module_preset=&#8221;default&#8221; locked=&#8221;off&#8221; global_colors_info=&#8221;{}&#8221;]<\/p>\n<p><span>    <div data-search-form-selector='.js-es-search:not(.es-search--ignore-ajax)'>\n\n<div class=\"es-properties js-es-properties js-es-entities-wrap es-properties--hfm--full-width\">\n    \n    <div class=\"es-properties__list\">\n\t    \n<div class=\"es-listings__wrap-inner js-es-listings__wrap-inner js-es-entities__wrap_inner et_smooth_scroll_disabled\">\n    \n    <div data-entity=\"listings\" class=\"js-es-listings js-es-entities es-listings es-listings--grid-3\" data-layout=\"es-listings--grid-3\" data-hash=\"bGF5b3V0PWdyaWQtMyZwb3N0c19wZXJfcGFnZT00MCZkaXNhYmxlX25hdmJhcj0wJnNob3dfc29ydD0xJnNob3dfdG90YWw9MSZzaG93X3BhZ2VfdGl0bGU9MSZzaG93X2N1cnJlbmNpZXM9MCZzaG93X2NhdGVnb3JpZXM9MCZzaG93X2xheW91dHM9MSZzb3J0PW5ld2VzdCZsaW1pdD0xMDAmbG9vcF91aWQ9MSZwYWdlX3RpdGxlPU9icmFzJmlnbm9yZV9zZWFyY2g9MCZzZWFyY2hfZm9ybV9zZWxlY3Rvcj0uanMtZXMtc2VhcmNoOm5vdCguZXMtc2VhcmNoLS1pZ25vcmUtYWpheCkmZW5hYmxlX3NlYXJjaD0wJnNlYXJjaF90eXBlPXNpbXBsZSZlbmFibGVfYWpheD0xJnZpZXdfYWxsX2xpbmtfbmFtZT1WZXIgdG9kbyZkaXNhYmxlX3BhZ2luYXRpb249MCZ3aXNobGlzdF9jb25maXJtPTAmaGZtX2Z1bGxfd2lkdGg9MSZfaWdub3JlX2Nvb3JkaW5hdGVzPTAmZmllbGRzX2RlbGltaXRlcj0sJnN0cmljdF9hZGRyZXNzPTAmbWFwX3Nob3c9MCZhdXRob3JzPTAmMD1lc19teV9saXN0aW5nJmVzX2NhdGVnb3J5PTE0OA==\">\n            <\/div>\n\t        <div class=\"es-no-found-posts\">\n\t<h2 class=\"es-no-found-posts__title heading-font\">No hay resultados\n<\/h2>\n\t<p class=\"content-font\">Ajuste su b\u00fasqueda cambiando los filtros.\n<\/p>\n    <\/div>\n        <div class='es-powered content-font'>Powered by <a target='_blank' href='https:\/\/estatik.net'>Estatik<\/a><\/div><\/div>\n    <\/div>\n    <div class=\"js-es-properties__map es-properties__map \">\n\t        <div class=\"es-map-error content-font\">\n        \u00a1UPS! Esta p\u00e1gina no carg\u00f3 Google Maps correctamente. P\u00f3ngase en contacto con el administrador para solucionar este problema.    <\/div>\n    <\/div>\n<\/div>\n\n    <\/div>\n<\/span><\/p>\n<p>[\/et_pb_text][\/et_pb_column][\/et_pb_row][\/et_pb_section]<\/p>\n","protected":false},"excerpt":{"rendered":"<p>Kima Houses &amp; Boats Obras En KIMA Obras nos especializamos en brindar soluciones completas para la remodelaci\u00f3n y renovaci\u00f3n de espacios. Nuestro equipo de expertos est\u00e1 preparado para llevar a cabo proyectos de cualquier tama\u00f1o, desde peque\u00f1as reformas hasta renovaciones completas.Nos esforzamos por entender tus necesidades y convertir tus ideas en realidad. Ya sea actualizar, [&hellip;]<\/p>\n","protected":false},"author":1,"featured_media":0,"parent":0,"menu_order":0,"comment_status":"closed","ping_status":"closed","template":"","meta":{"_et_pb_use_builder":"on","_et_pb_old_content":"<!-- wp:divi\/placeholder \/-->","_et_gb_content_width":"","footnotes":""},"class_list":["post-71443","page","type-page","status-publish","hentry"],"_links":{"self":[{"href":"https:\/\/kimainmobiliaria.com\/index.php\/wp-json\/wp\/v2\/pages\/71443","targetHints":{"allow":["GET"]}}],"collection":[{"href":"https:\/\/kimainmobiliaria.com\/index.php\/wp-json\/wp\/v2\/pages"}],"about":[{"href":"https:\/\/kimainmobiliaria.com\/index.php\/wp-json\/wp\/v2\/types\/page"}],"author":[{"embeddable":true,"href":"https:\/\/kimainmobiliaria.com\/index.php\/wp-json\/wp\/v2\/users\/1"}],"replies":[{"embeddable":true,"href":"https:\/\/kimainmobiliaria.com\/index.php\/wp-json\/wp\/v2\/comments?post=71443"}],"version-history":[{"count":8,"href":"https:\/\/kimainmobiliaria.com\/index.php\/wp-json\/wp\/v2\/pages\/71443\/revisions"}],"predecessor-version":[{"id":72937,"href":"https:\/\/kimainmobiliaria.com\/index.php\/wp-json\/wp\/v2\/pages\/71443\/revisions\/72937"}],"wp:attachment":[{"href":"https:\/\/kimainmobiliaria.com\/index.php\/wp-json\/wp\/v2\/media?parent=71443"}],"curies":[{"name":"wp","href":"https:\/\/api.w.org\/{rel}","templated":true}]}}